+ 713 = 7*q - 5*q, -4*h = -3*q + 1061. What is the tens digit of q?
5
Suppose -2*i = -27 - 23. Suppose 3*q = 4*h - 2*q - i, 4*q + 14 = 2*h. What is the units digit of (-1)/h - 93/(-15)?
6
Let d(x) be the first derivative of -5*x + 4*x**2 - 1 - 1/4*x**4 + 5/3*x**3. What is the units digit of d(6)?
7
Let i(g) be the first derivative of -g**2/2 - 4*g + 3. What is the units digit of i(-10)?
6
Let o(j) = -7*j**2 + 1. Let m(z) = -15*z**2 - z + 1. Let r(s) = 6*m(s) - 13*o(s). Suppose 3 = 3*k - 21. What is the units digit of r(k)?
9
Suppose 6*u = u + 85. Let g = u - 8. What is the units digit of g?
9
Let c be 40/(-3) + 4/(-6). Let r = 1 - c. What is the tens digit of r?
1
Suppose 0 = -3*m + 1 + 8. Suppose 0 = v + m*v - 148. Suppose -1 = 4*c - v. What is the units digit of c?
9
Let l(k) = -k + 2*k + 2*k - 2*k. What is the units digit of l(2)?
2
Suppose 5 = -k + 10. Suppose f + k*y - 34 = 0, -4*f = -2*y + 7*y - 91. What is the tens digit of f?
1
Let i(w) = -w**3 - 6*w**2 + 2*w + 9. Let o be i(-6). Let a = o - -9. What is the units digit of a?
6
Let r be (0 - 2 - -2) + 0. What is the units digit of r + (-1)/(3/(-21))?
7
Let h = -40 - -76. What is the units digit of h?
6
Suppose -4*b - 2*w = -204, 0 = -0*w + 3*w. What is the tens digit of b?
5
Let z = -12 - -16. Suppose -z*m = -2*m - 58. What is the units digit of m?
9
Let v = 9 + -5. Let h(t) = 2*t**3 - 2*t**2 - 3*t - 3. Let s be h(3). Suppose 0 = -v*x + s - 4. What is the units digit of x?
5
What is the units digit of 74*(-3 + (-7)/(-2))?
7
Let h be 4/(-14) + (-4)/(-14). Suppose h = 5*t + 4*l - 28, 2*t - 4 = -5*l + 14. Suppose 0 = -4*n + 16 - t. What is the units digit of n?
3
Suppose 3*i = 2*g + i - 6, -4 = -4*i. Suppose -g*o - o - 5 = 5*w, -3*o - 27 = -3*w. What is the units digit of w?
4
Let t(w) = w**3 + 8*w**2 + 9*w + 2. Suppose 4*n = 5*n + 6. What is the tens digit of t(n)?
2
Let l = 63 - 38. What is the tens digit of l?
2
Let o = -1 - -1. Suppose -t + 0*t = o. Suppose -r - 3*r + 32 = t. What is the units digit of r?
8
Suppose 4*x = -j + 14, -4*j + 1 = -3*x + j. Let a = -3 + x. Suppose a = -5*d - 4*i, -19 = -d + i + 2*i. What is the units digit of d?
4
Let v(b) = -b**2 + 16*b + 3. What is the tens digit of v(11)?
5
What is the tens digit of (-6)/2 - (-2 - 29)?
2
Let h = -27 + 39. What is the units digit of 21 + 3*4/h?
2
Suppose 4*v = -0*v + 92. What is the units digit of v?
3
Suppose 0*d + 176 = 4*d. What is the units digit of d?
4
Let l = -10 - -16. Suppose -5*a = 5*g + 45, 3*a - g + 33 = -l*g. What is the units digit of (-2)/(-4) + (-3)/a?
1
Let y(s) = -s**2 + s + 10. Let i be -1 + (0 - (-1 + 0)). What is the tens digit of y(i)?
1
Suppose 0 = 4*q - 566 - 482. What is the tens digit of q?
6
Let v(c) = -3*c - 3. What is the units digit of v(-18)?
1
Suppose 4*h + 2*v + 3 + 3 = 0, -5*h + 4*v - 40 = 0. Let o(k) = k**2 - 4*k - 6. What is the units digit of o(h)?
6
Suppose 0 = -5*i - 3*t + 2*t + 18, 2*i + t - 6 = 0. Suppose i*p - 7 - 1 = 0. What is the units digit of p?
2
What is the tens digit of (-2514)/(-12) - (14/4)/7?
0
Let j(y) be the first derivative of 3*y**2/2 - y + 5. What is the units digit of j(1)?
2
What is the tens digit of ((-7)/(-2))/(6/(1080/5))?
2
Let d = 8 + -19. Let w(c) = c**3 + 11*c**2 - 4*c + 9. What is the units digit of w(d)?
3
Suppose 0 = 6*p - 3*p - 9. What is the units digit of p?
3
Suppose -x + 8 = -4. Suppose -q + x = 3*q. What is the units digit of q?
3
Let y(w) = w**3 + 10*w**2 + 7*w - 12. Let n be y(-9). Suppose -36 = -5*u - n. What is the units digit of u?
6
Suppose -n - d = -4*d - 12, 1 = d. What is the units digit of n?
5
Suppose 0 = -3*m - 3*b + 3, 0 = -7*m + 2*m + 3*b + 13. Suppose g + m*g + 51 = 5*l, 2*l - 10 = -4*g. What is the units digit of l?
9
Let f be 4/(-2) + (-6)/(-3). What is the units digit of (-3)/6*f + 1?
1
Let q be (-5)/(-2) - (-2)/(-4). Suppose -5*x - 8 = q. What is the units digit of x/2 + 18/3?
5
Suppose 15*r - 6*r = 279. What is the units digit of r?
1
Let a(q) = -77*q + 2. What is the tens digit of a(-1)?
7
Suppose 4*z + 5*h = h + 744, -h = 2*z - 376. What is the units digit of z?
0
Let r = 1 - -7. Let g = -4 + r. What is the units digit of g?
4
Suppose 3*b + 2*b - 215 = 0. What is the units digit of b?
3
Let i be 10/(((-12)/(-2))/3). Let u = i - 7. What is the units digit of -4*(2 + -1 + u)?
4
What is the tens digit of (138/10)/(12/(-15) - -1)?
6
Suppose 0*x = 2*x - 14. Suppose 4*l + 0*r = r + x, -4*l + 10 = -2*r. What is the units digit of l?
1
Let r(k) = 3*k**2 - 7*k - 4. What is the tens digit of r(4)?
1
Suppose 5*g - 13 = -t, 2*g + 120 = 4*t - 42. What is the tens digit of t?
3
Let d = 5 - 7. What is the units digit of (3 + d)*4/1?
4
Let m(n) = 5*n - 23. What is the units digit of m(8)?
7
Suppose -4 - 16 = -5*t. Let d = t + 7. What is the units digit of (-4)/(-3)*(d - 5)?
8
Suppose -5*g - 3 = -28. Suppose -9 = -g*x + 2*l, x + 3*l + 2*l = -9. What is the units digit of x?
1
Let j(o) be the third derivative of o**4/6 - 5*o**3/6 + 4*o**2. What is the tens digit of j(6)?
1
Let q = -68 - -65. Let w(p) = -1 - 5*p - 2 + 2. What is the units digit of w(q)?
4
Suppose -198 = -4*o + 5*h + 183, -3*o + h = -272. What is the tens digit of o?
8
Let t(q) = q**2 + 2*q - 1. Let j = 3 - 6. What is the units digit of t(j)?
2
Suppose 24 = -h - 3*h. Let c(w) be the first derivative of w**2/2 + 14*w + 2. What is the units digit of c(h)?
8
Let m(h) = 16*h - 14. What is the units digit of m(13)?
4
What is the tens digit of (-1125)/(-24) + (-2)/(-16)?
4
Let w(x) = -x**2 + 5*x + 2. Let d be w(4). Let h = d - 4. What is the units digit of h?
2
Suppose 3*y + 2 = 4*p, y + p + 3 = -0*p. Let d be (-1)/y - (-30)/(-4). Let a(w) = w + 12. What is the units digit of a(d)?
5
Let m(g) = -g**2 + 8*g - 7. Let x be m(7). Suppose -2*w = 4*n - 8, -2*w = -n - 3 - x. Suppose -3*z + 45 = w*z. What is the units digit of z?
9
Let r = 14 + -9. Suppose -20 = -5*p + 4*g, p = -2*g + 4 - 0. Suppose -5*z = -r*y + 3*y - 21, 3*z - p*y - 7 = 0. What is the units digit of z?
5
Let k = 37 - 23. Let j = -7 + k. What is the units digit of j?
7
Suppose 4*t - 14 = -2. Suppose -5*k - 5*w = -5, k - t = -5*w - 6. Suppose -5 = k*s + h - 26, -h = -s + 12. What is the units digit of s?
1
Let n be (-3)/6*(-15 + -1). Let v = 11 - n. Suppose -5*c + 2*o + 64 = 0, -v*o + 0 = -c + 5. What is the units digit of c?
4
Let p = 18 + -11. Let w(u) be the second derivative of u**3/2 - 9*u**2/2 + 4*u. What is the tens digit of w(p)?
1
What is the tens digit of 1/((8/(-2))/(-148))?
3
Let p(t) = t**3 + 5*t**2 - 3*t + 3. What is the units digit of p(-5)?
8
Suppose 4*i = 5*i - 49. What is the tens digit of i?
4
What is the tens digit of 1*(12/(-10))/(14/(-315))?
2
Let w be ((-2)/(-4))/((-1)/(-26)). Let j = w - 0. What is the tens digit of j?
1
Let i(m) = -8*m**3 + 2*m**2 - 1. Let k be i(-1). Let u = k - 4. What is the units digit of u?
5
What is the units digit of 230/18 + (-6)/(-27)?
3
Let s = 187 + -69. What is the hundreds digit of s?
1
Suppose 4*i = 3*w - 1, 0 = -2*w - 2*w + 12. Suppose -2*g + b = -24 - 0, 0 = b + i. What is the units digit of g?
1
Suppose 34*r - 25*r - 1053 = 0. What is the hundreds digit of r?
1
Let x(q) = q**2 - q - 2. Let a be x(3). What is the units digit of 3*-1 + 8 + a?
9
Suppose 0 = -2*y - 3*y. Suppose 0*n + 2*n - 2 = y. What is the units digit of n?
1
Let f(c) = -2*c - 6. Let j = -3 - 1. What is the units digit of f(j)?
2
Let h(j) = 7*j**2 + j + 1. Let u be (-2 - 0) + -1 - 7. Let i = u + 9. What is the units digit of h(i)?
7
Let n = -3 - 12. Let x be (-4)/(-10) - (-126)/(-15). Let j = x - n. What is the units digit of j?
7
Suppose -j - 3*o = -0*o - 154, 3*j = -4*o + 442. What is the units digit of j?
2
Let r be (-4 - -12)*1/2. Let k be 1*-1*(-18)/1. Suppose -j - k = -r*j. What is the units digit of j?
6
Let z(k) = 4 - 32*k + 31*k - 10. What is the units digit of z(-9)?
3
Suppose -44 = -q - q - 4*x, 4*q = -2*x + 118. What is the units digit of q?
2
Suppose -3*t + 8*t = 30. Let s = 0 + t. Suppose -q - s = -25. What is the tens digit of q?
1
What is the tens digit of 39 - 8/(-4)*-1?
3
Suppose 26*o - 31*o = -560. What is the hundreds digit of o?
1
Let l(y) = -4*y + y + 5*y + 5*y**2 + 1. Let w be l(-1). Suppose 4 + w = 4*m. What is the units digit of m?
2
Suppose 0 = -2*i, 6*v = 2*v + 4*i + 160. W